{"id":2513,"date":"2023-06-22T17:27:11","date_gmt":"2023-06-22T15:27:11","guid":{"rendered":"http:\/\/organisateur-rangement.com\/?post_type=product&#038;p=2513"},"modified":"2025-12-30T10:32:18","modified_gmt":"2025-12-30T09:32:18","slug":"organisateur-coton-tige-boite-cosmetique-rangement-accessoires-beaute","status":"publish","type":"product","link":"https:\/\/organisateur-rangement.com\/?product=organisateur-coton-tige-boite-cosmetique-rangement-accessoires-beaute","title":{"rendered":"Cylindre de coton-tige organisateur bo\u00eete de cosm\u00e9tiques"},"content":{"rendered":"<div class=\"card aim -mtm\">\n<div class=\"markup -mhm -pvl -oxa -sc\">Une bo\u00eete en coton c\u00f4te \u00e0 c\u00f4te, coiff\u00e9e individuellement, au design extr\u00eamement \u00e9l\u00e9gant. Ou lorsque vous retirez les capots dans diff\u00e9rentes combinaisons (pinceau, porte-plume)<\/div>\n<\/div>\n<section class=\"card aim -mtm -fs16\">\n<div id=\"specifications\" class=\"hook\"><\/div>\n<header class=\"-pvs -bb\"><\/header>\n<\/section>\n","protected":false},"excerpt":{"rendered":"<p class=\"product-title-text\" data-pl=\"product-title\" data-spm-anchor-id=\"a2g0o.detail.1000016.i3.e7194ddbAjGwm9\">Organisateur cylindrique pour coton-tiges et accessoires de beaut\u00e9. Pratique et \u00e9l\u00e9gant, il garde votre salle de bain ou coiffeuse parfaitement rang\u00e9e.<\/p>\n","protected":false},"featured_media":2518,"comment_status":"open","ping_status":"closed","template":"","meta":{"om_disable_all_campaigns":false,"_monsterinsights_skip_tracking":false,"_monsterinsights_sitenote_active":false,"_monsterinsights_sitenote_note":"","_monsterinsights_sitenote_category":0,"_uf_show_specific_survey":0,"_uf_disable_surveys":false,"site-sidebar-layout":"default","site-content-layout":"default","ast-site-content-layout":"default","site-content-style":"default","site-sidebar-style":"default","ast-global-header-display":"","ast-banner-title-visibility":"","ast-main-header-display":"","ast-hfb-above-header-display":"","ast-hfb-below-header-display":"","ast-hfb-mobile-header-display":"","site-post-title":"","ast-breadcrumbs-content":"","ast-featured-img":"","footer-sml-layout":"","theme-transparent-header-meta":"default","adv-header-id-meta":"","stick-header-meta":"","header-above-stick-meta":"","header-main-stick-meta":"","header-below-stick-meta":"","astra-migrate-meta-layouts":"set","ast-page-background-enabled":"default","ast-page-background-meta":{"desktop":{"background-color":"","background-image":"","background-repeat":"repeat","background-position":"center center","background-size":"auto","background-attachment":"scroll","background-type":"","background-media":"","overlay-type":"","overlay-color":"","overlay-opacity":"","overlay-gradient":""},"tablet":{"background-color":"","background-image":"","background-repeat":"repeat","background-position":"center center","background-size":"auto","background-attachment":"scroll","background-type":"","background-media":"","overlay-type":"","overlay-color":"","overlay-opacity":"","overlay-gradient":""},"mobile":{"background-color":"","background-image":"","background-repeat":"repeat","background-position":"center center","background-size":"auto","background-attachment":"scroll","background-type":"","background-media":"","overlay-type":"","overlay-color":"","overlay-opacity":"","overlay-gradient":""}},"ast-content-background-meta":{"desktop":{"background-color":"var(--ast-global-color-5)","background-image":"","background-repeat":"repeat","background-position":"center center","background-size":"auto","background-attachment":"scroll","background-type":"","background-media":"","overlay-type":"","overlay-color":"","overlay-opacity":"","overlay-gradient":""},"tablet":{"background-color":"var(--ast-global-color-5)","background-image":"","background-repeat":"repeat","background-position":"center center","background-size":"auto","background-attachment":"scroll","background-type":"","background-media":"","overlay-type":"","overlay-color":"","overlay-opacity":"","overlay-gradient":""},"mobile":{"background-color":"var(--ast-global-color-5)","background-image":"","background-repeat":"repeat","background-position":"center center","background-size":"auto","background-attachment":"scroll","background-type":"","background-media":"","overlay-type":"","overlay-color":"","overlay-opacity":"","overlay-gradient":""}}},"product_brand":[],"product_cat":[25],"product_tag":[],"class_list":{"0":"post-2513","1":"product","2":"type-product","3":"status-publish","4":"has-post-thumbnail","6":"product_cat-organisateur-maquillage","7":"desktop-align-center","8":"tablet-align-center","9":"mobile-align-center","11":"first","12":"instock","13":"sale","14":"shipping-taxable","15":"purchasable","16":"product-type-simple"},"yoast_head":"<!-- This site is optimized with the Yoast SEO plugin v27.5 - https:\/\/yoast.com\/product\/yoast-seo-wordpress\/ -->\n<title>Cylindre de coton-tige organisateur bo\u00eete de cosm\u00e9tiques - Organisateur &amp; Rangement<\/title>\n<meta name=\"description\" content=\"Organisateur de coton-tiges et bo\u00eete de rangement cosm\u00e9tique pratique pour salle de bain. Gardez vos coton-tiges et accessoires de beaut\u00e9 bien ordonn\u00e9s !\" \/>\n<meta name=\"robots\" content=\"index, follow, max-snippet:-1, max-image-preview:large, max-video-preview:-1\" \/>\n<link rel=\"canonical\" href=\"https:\/\/organisateur-rangement.com\/?product=organisateur-coton-tige-boite-cosmetique-rangement-accessoires-beaute\" \/>\n<meta property=\"og:locale\" content=\"fr_FR\" \/>\n<meta property=\"og:type\" content=\"article\" \/>\n<meta property=\"og:title\" content=\"Cylindre de coton-tige organisateur bo\u00eete de cosm\u00e9tiques - Organisateur &amp; Rangement\" \/>\n<meta property=\"og:description\" content=\"Organisateur de coton-tiges et bo\u00eete de rangement cosm\u00e9tique pratique pour salle de bain. Gardez vos coton-tiges et accessoires de beaut\u00e9 bien ordonn\u00e9s !\" \/>\n<meta property=\"og:url\" content=\"https:\/\/organisateur-rangement.com\/?product=organisateur-coton-tige-boite-cosmetique-rangement-accessoires-beaute\" \/>\n<meta property=\"og:site_name\" content=\"Organisateur &amp; Rangement\" \/>\n<meta property=\"article:modified_time\" content=\"2025-12-30T09:32:18+00:00\" \/>\n<meta property=\"og:image\" content=\"http:\/\/organisateur-rangement.com\/wp-content\/uploads\/2023\/06\/hghghj.jpg\" \/>\n\t<meta property=\"og:image:width\" content=\"800\" \/>\n\t<meta property=\"og:image:height\" content=\"800\" \/>\n\t<meta property=\"og:image:type\" content=\"image\/jpeg\" \/>\n<meta name=\"twitter:card\" content=\"summary_large_image\" \/>\n<meta name=\"twitter:label1\" content=\"Dur\u00e9e de lecture estim\u00e9e\" \/>\n\t<meta name=\"twitter:data1\" content=\"1 minute\" \/>\n<script type=\"application\/ld+json\" class=\"yoast-schema-graph\">{\"@context\":\"https:\\\/\\\/schema.org\",\"@graph\":[{\"@type\":\"WebPage\",\"@id\":\"https:\\\/\\\/organisateur-rangement.com\\\/?product=organisateur-coton-tige-boite-cosmetique-rangement-accessoires-beaute\",\"url\":\"https:\\\/\\\/organisateur-rangement.com\\\/?product=organisateur-coton-tige-boite-cosmetique-rangement-accessoires-beaute\",\"name\":\"Cylindre de coton-tige organisateur bo\u00eete de cosm\u00e9tiques - Organisateur &amp; Rangement\",\"isPartOf\":{\"@id\":\"https:\\\/\\\/organisateur-rangement.com\\\/#website\"},\"primaryImageOfPage\":{\"@id\":\"https:\\\/\\\/organisateur-rangement.com\\\/?product=organisateur-coton-tige-boite-cosmetique-rangement-accessoires-beaute#primaryimage\"},\"image\":{\"@id\":\"https:\\\/\\\/organisateur-rangement.com\\\/?product=organisateur-coton-tige-boite-cosmetique-rangement-accessoires-beaute#primaryimage\"},\"thumbnailUrl\":\"https:\\\/\\\/organisateur-rangement.com\\\/wp-content\\\/uploads\\\/2023\\\/06\\\/hghghj.jpg\",\"datePublished\":\"2023-06-22T15:27:11+00:00\",\"dateModified\":\"2025-12-30T09:32:18+00:00\",\"description\":\"Organisateur de coton-tiges et bo\u00eete de rangement cosm\u00e9tique pratique pour salle de bain. Gardez vos coton-tiges et accessoires de beaut\u00e9 bien ordonn\u00e9s !\",\"breadcrumb\":{\"@id\":\"https:\\\/\\\/organisateur-rangement.com\\\/?product=organisateur-coton-tige-boite-cosmetique-rangement-accessoires-beaute#breadcrumb\"},\"inLanguage\":\"fr-FR\",\"potentialAction\":[{\"@type\":\"ReadAction\",\"target\":[\"https:\\\/\\\/organisateur-rangement.com\\\/?product=organisateur-coton-tige-boite-cosmetique-rangement-accessoires-beaute\"]}]},{\"@type\":\"ImageObject\",\"inLanguage\":\"fr-FR\",\"@id\":\"https:\\\/\\\/organisateur-rangement.com\\\/?product=organisateur-coton-tige-boite-cosmetique-rangement-accessoires-beaute#primaryimage\",\"url\":\"https:\\\/\\\/organisateur-rangement.com\\\/wp-content\\\/uploads\\\/2023\\\/06\\\/hghghj.jpg\",\"contentUrl\":\"https:\\\/\\\/organisateur-rangement.com\\\/wp-content\\\/uploads\\\/2023\\\/06\\\/hghghj.jpg\",\"width\":800,\"height\":800},{\"@type\":\"BreadcrumbList\",\"@id\":\"https:\\\/\\\/organisateur-rangement.com\\\/?product=organisateur-coton-tige-boite-cosmetique-rangement-accessoires-beaute#breadcrumb\",\"itemListElement\":[{\"@type\":\"ListItem\",\"position\":1,\"name\":\"Accueil\",\"item\":\"https:\\\/\\\/organisateur-rangement.com\\\/\"},{\"@type\":\"ListItem\",\"position\":2,\"name\":\"Shop\",\"item\":\"https:\\\/\\\/organisateur-rangement.com\\\/?page_id=401\"},{\"@type\":\"ListItem\",\"position\":3,\"name\":\"Cylindre de coton-tige organisateur bo\u00eete de cosm\u00e9tiques\"}]},{\"@type\":\"WebSite\",\"@id\":\"https:\\\/\\\/organisateur-rangement.com\\\/#website\",\"url\":\"https:\\\/\\\/organisateur-rangement.com\\\/\",\"name\":\"Organisateur & Rangement\",\"description\":\"\",\"publisher\":{\"@id\":\"https:\\\/\\\/organisateur-rangement.com\\\/#organization\"},\"potentialAction\":[{\"@type\":\"SearchAction\",\"target\":{\"@type\":\"EntryPoint\",\"urlTemplate\":\"https:\\\/\\\/organisateur-rangement.com\\\/?s={search_term_string}\"},\"query-input\":{\"@type\":\"PropertyValueSpecification\",\"valueRequired\":true,\"valueName\":\"search_term_string\"}}],\"inLanguage\":\"fr-FR\"},{\"@type\":\"Organization\",\"@id\":\"https:\\\/\\\/organisateur-rangement.com\\\/#organization\",\"name\":\"Organisateur & Rangement\",\"url\":\"https:\\\/\\\/organisateur-rangement.com\\\/\",\"logo\":{\"@type\":\"ImageObject\",\"inLanguage\":\"fr-FR\",\"@id\":\"https:\\\/\\\/organisateur-rangement.com\\\/#\\\/schema\\\/logo\\\/image\\\/\",\"url\":\"https:\\\/\\\/organisateur-rangement.com\\\/wp-content\\\/uploads\\\/2023\\\/06\\\/Black-White-Handwritten-Typography-Logo1-1.png\",\"contentUrl\":\"https:\\\/\\\/organisateur-rangement.com\\\/wp-content\\\/uploads\\\/2023\\\/06\\\/Black-White-Handwritten-Typography-Logo1-1.png\",\"width\":455,\"height\":128,\"caption\":\"Organisateur & Rangement\"},\"image\":{\"@id\":\"https:\\\/\\\/organisateur-rangement.com\\\/#\\\/schema\\\/logo\\\/image\\\/\"}}]}<\/script>\n<!-- \/ Yoast SEO plugin. -->","yoast_head_json":{"title":"Cylindre de coton-tige organisateur bo\u00eete de cosm\u00e9tiques - Organisateur &amp; Rangement","description":"Organisateur de coton-tiges et bo\u00eete de rangement cosm\u00e9tique pratique pour salle de bain. Gardez vos coton-tiges et accessoires de beaut\u00e9 bien ordonn\u00e9s !","robots":{"index":"index","follow":"follow","max-snippet":"max-snippet:-1","max-image-preview":"max-image-preview:large","max-video-preview":"max-video-preview:-1"},"canonical":"https:\/\/organisateur-rangement.com\/?product=organisateur-coton-tige-boite-cosmetique-rangement-accessoires-beaute","og_locale":"fr_FR","og_type":"article","og_title":"Cylindre de coton-tige organisateur bo\u00eete de cosm\u00e9tiques - Organisateur &amp; Rangement","og_description":"Organisateur de coton-tiges et bo\u00eete de rangement cosm\u00e9tique pratique pour salle de bain. Gardez vos coton-tiges et accessoires de beaut\u00e9 bien ordonn\u00e9s !","og_url":"https:\/\/organisateur-rangement.com\/?product=organisateur-coton-tige-boite-cosmetique-rangement-accessoires-beaute","og_site_name":"Organisateur &amp; Rangement","article_modified_time":"2025-12-30T09:32:18+00:00","og_image":[{"width":800,"height":800,"url":"http:\/\/organisateur-rangement.com\/wp-content\/uploads\/2023\/06\/hghghj.jpg","type":"image\/jpeg"}],"twitter_card":"summary_large_image","twitter_misc":{"Dur\u00e9e de lecture estim\u00e9e":"1 minute"},"schema":{"@context":"https:\/\/schema.org","@graph":[{"@type":"WebPage","@id":"https:\/\/organisateur-rangement.com\/?product=organisateur-coton-tige-boite-cosmetique-rangement-accessoires-beaute","url":"https:\/\/organisateur-rangement.com\/?product=organisateur-coton-tige-boite-cosmetique-rangement-accessoires-beaute","name":"Cylindre de coton-tige organisateur bo\u00eete de cosm\u00e9tiques - Organisateur &amp; Rangement","isPartOf":{"@id":"https:\/\/organisateur-rangement.com\/#website"},"primaryImageOfPage":{"@id":"https:\/\/organisateur-rangement.com\/?product=organisateur-coton-tige-boite-cosmetique-rangement-accessoires-beaute#primaryimage"},"image":{"@id":"https:\/\/organisateur-rangement.com\/?product=organisateur-coton-tige-boite-cosmetique-rangement-accessoires-beaute#primaryimage"},"thumbnailUrl":"https:\/\/organisateur-rangement.com\/wp-content\/uploads\/2023\/06\/hghghj.jpg","datePublished":"2023-06-22T15:27:11+00:00","dateModified":"2025-12-30T09:32:18+00:00","description":"Organisateur de coton-tiges et bo\u00eete de rangement cosm\u00e9tique pratique pour salle de bain. Gardez vos coton-tiges et accessoires de beaut\u00e9 bien ordonn\u00e9s !","breadcrumb":{"@id":"https:\/\/organisateur-rangement.com\/?product=organisateur-coton-tige-boite-cosmetique-rangement-accessoires-beaute#breadcrumb"},"inLanguage":"fr-FR","potentialAction":[{"@type":"ReadAction","target":["https:\/\/organisateur-rangement.com\/?product=organisateur-coton-tige-boite-cosmetique-rangement-accessoires-beaute"]}]},{"@type":"ImageObject","inLanguage":"fr-FR","@id":"https:\/\/organisateur-rangement.com\/?product=organisateur-coton-tige-boite-cosmetique-rangement-accessoires-beaute#primaryimage","url":"https:\/\/organisateur-rangement.com\/wp-content\/uploads\/2023\/06\/hghghj.jpg","contentUrl":"https:\/\/organisateur-rangement.com\/wp-content\/uploads\/2023\/06\/hghghj.jpg","width":800,"height":800},{"@type":"BreadcrumbList","@id":"https:\/\/organisateur-rangement.com\/?product=organisateur-coton-tige-boite-cosmetique-rangement-accessoires-beaute#breadcrumb","itemListElement":[{"@type":"ListItem","position":1,"name":"Accueil","item":"https:\/\/organisateur-rangement.com\/"},{"@type":"ListItem","position":2,"name":"Shop","item":"https:\/\/organisateur-rangement.com\/?page_id=401"},{"@type":"ListItem","position":3,"name":"Cylindre de coton-tige organisateur bo\u00eete de cosm\u00e9tiques"}]},{"@type":"WebSite","@id":"https:\/\/organisateur-rangement.com\/#website","url":"https:\/\/organisateur-rangement.com\/","name":"Organisateur & Rangement","description":"","publisher":{"@id":"https:\/\/organisateur-rangement.com\/#organization"},"potentialAction":[{"@type":"SearchAction","target":{"@type":"EntryPoint","urlTemplate":"https:\/\/organisateur-rangement.com\/?s={search_term_string}"},"query-input":{"@type":"PropertyValueSpecification","valueRequired":true,"valueName":"search_term_string"}}],"inLanguage":"fr-FR"},{"@type":"Organization","@id":"https:\/\/organisateur-rangement.com\/#organization","name":"Organisateur & Rangement","url":"https:\/\/organisateur-rangement.com\/","logo":{"@type":"ImageObject","inLanguage":"fr-FR","@id":"https:\/\/organisateur-rangement.com\/#\/schema\/logo\/image\/","url":"https:\/\/organisateur-rangement.com\/wp-content\/uploads\/2023\/06\/Black-White-Handwritten-Typography-Logo1-1.png","contentUrl":"https:\/\/organisateur-rangement.com\/wp-content\/uploads\/2023\/06\/Black-White-Handwritten-Typography-Logo1-1.png","width":455,"height":128,"caption":"Organisateur & Rangement"},"image":{"@id":"https:\/\/organisateur-rangement.com\/#\/schema\/logo\/image\/"}}]}},"_links":{"self":[{"href":"https:\/\/organisateur-rangement.com\/index.php?rest_route=\/wp\/v2\/product\/2513","targetHints":{"allow":["GET"]}}],"collection":[{"href":"https:\/\/organisateur-rangement.com\/index.php?rest_route=\/wp\/v2\/product"}],"about":[{"href":"https:\/\/organisateur-rangement.com\/index.php?rest_route=\/wp\/v2\/types\/product"}],"replies":[{"embeddable":true,"href":"https:\/\/organisateur-rangement.com\/index.php?rest_route=%2Fwp%2Fv2%2Fcomments&post=2513"}],"wp:featuredmedia":[{"embeddable":true,"href":"https:\/\/organisateur-rangement.com\/index.php?rest_route=\/wp\/v2\/media\/2518"}],"wp:attachment":[{"href":"https:\/\/organisateur-rangement.com\/index.php?rest_route=%2Fwp%2Fv2%2Fmedia&parent=2513"}],"wp:term":[{"taxonomy":"product_brand","embeddable":true,"href":"https:\/\/organisateur-rangement.com\/index.php?rest_route=%2Fwp%2Fv2%2Fproduct_brand&post=2513"},{"taxonomy":"product_cat","embeddable":true,"href":"https:\/\/organisateur-rangement.com\/index.php?rest_route=%2Fwp%2Fv2%2Fproduct_cat&post=2513"},{"taxonomy":"product_tag","embeddable":true,"href":"https:\/\/organisateur-rangement.com\/index.php?rest_route=%2Fwp%2Fv2%2Fproduct_tag&post=2513"}],"curies":[{"name":"wp","href":"https:\/\/api.w.org\/{rel}","templated":true}]}}