{"id":2436,"date":"2023-06-02T17:35:40","date_gmt":"2023-06-02T15:35:40","guid":{"rendered":"http:\/\/organisateur-rangement.com\/?post_type=product&#038;p=2436"},"modified":"2023-06-22T13:55:35","modified_gmt":"2023-06-22T11:55:35","slug":"triple-paper-dispenser","status":"publish","type":"product","link":"https:\/\/organisateur-rangement.com\/?product=triple-paper-dispenser","title":{"rendered":"Triple Paper Dispenser"},"content":{"rendered":"<div class=\"markup -pam\">\n<ul>\n<li>\n<div class=\"markup -mhm -pvl -oxa -sc\">\n<p>Le distributeur de rouleau de cuisine 3 en 1 est utile d&rsquo;avoir dans votre cuisine.\u00a0Il contient des films en plastique, des rouleaux de papier et des feuilles d&rsquo;aluminium et les met \u00e0 disposition instantan\u00e9ment sans avoir \u00e0 le retrouver dans la maison.\u00a0Il a un corps en plastique ABS compact et peut \u00eatre mont\u00e9 sur le mur avec des vis.\u00a0Les coupeurs avec roues \u00e0 roulettes \u00e0 roulement doux dans chaque compartiment rec\u00e8lent des feuilles d&rsquo;aluminium et des films plastiques sans probl\u00e8me.\u00a0Plus besoin d&rsquo;utiliser des couteaux et des ciseaux \u00e0 des fins d&#8217;emballage !!\u00a0La partie sup\u00e9rieure peut \u00eatre utilis\u00e9e comme \u00e9tag\u00e8re pour conserver les petits r\u00e9cipients pour aliments. Ce distributeur et porte-charge du Triple rouleau de cuisine est simple \u00e0 monter, avec m\u00e9canisme de chargement avant et support en papier, ce qui facilite l&rsquo;utilisation.<\/p>\n<p>Le distributeur et le support Triple Roll de la cuisine est un utilitaire de cuisine essentiel pour chaque m\u00e9nage.\u00a0D\u00e9tient et range des rouleaux de papier de cuisine, des feuilles d&rsquo;aluminium et des films en plastique et \/ ou se vendent dans une seule pi\u00e8ce.\u00a0Pas besoin de ciseaux ou de couteaux pour l&#8217;emballage d&rsquo;aliments et autres articles de cuisine.\u00a0Les coupeurs dans chaque compartiment coupent avec une glissi\u00e8re unique avec des roues de roulement lisses.\u00a0M\u00e9canisme de chargement avant avec support de rouleau de papier r\u00e9glable pour tenir des rouleaux de papier tissu de diff\u00e9rentes tailles.\u00a0Facile \u00e0 monter et simple \u00e0 utiliser. une paire de supports de papier \u00e0 papier, 2 curseurs avec roues \u00e0 rouleaux avec des diagrammes d&rsquo;installation sur la bo\u00eete.\u00a0Feuilles en aluminium et film en plastique \/ Film adh\u00e9sif et les dispense dans une seule unit\u00e9.\u00a0 curseurs avec roues \u00e0 rouleaux avec des diagrammes d&rsquo;installation sur la bo\u00eete.\u00a0Feuilles en aluminium et film en plastique \/ Film adh\u00e9sif et les dispense dans une seule unit\u00e9.\u00a0Pas besoin de ciseaux ou de couteaux pour l&#8217;emballage d&rsquo;aliments et autres articles de cuisine.<\/p>\n<\/div>\n<\/li>\n<\/ul>\n<\/div>\n","protected":false},"excerpt":{"rendered":"<div class=\"product-section description-section\">\n<div class=\"single-description fr-view\">\n<p>Le distributeur de papier hygi\u00e9nique triple rend votre cuisine plus efficace car il contient des serviettes en papier, du papier d&rsquo;aluminium et d&rsquo;autres \u00e9l\u00e9ments essentiels de la cuisine avec un seul outil efficace.<\/p>\n<p>Mat\u00e9riau : plastique ABS, couleur : blanche<\/p>\n<p>Les supports de feuille et de film adh\u00e9sif permettent une coupe facile et propre avec deux lames coulissantes<\/p>\n<\/div>\n<\/div>\n","protected":false},"featured_media":2437,"comment_status":"open","ping_status":"closed","template":"","meta":{"om_disable_all_campaigns":false,"_monsterinsights_skip_tracking":false,"_monsterinsights_sitenote_active":false,"_monsterinsights_sitenote_note":"","_monsterinsights_sitenote_category":0,"_uf_show_specific_survey":0,"_uf_disable_surveys":false,"site-sidebar-layout":"default","site-content-layout":"default","ast-site-content-layout":"","site-content-style":"default","site-sidebar-style":"default","ast-global-header-display":"","ast-banner-title-visibility":"","ast-main-header-display":"","ast-hfb-above-header-display":"","ast-hfb-below-header-display":"","ast-hfb-mobile-header-display":"","site-post-title":"","ast-breadcrumbs-content":"","ast-featured-img":"","footer-sml-layout":"","theme-transparent-header-meta":"default","adv-header-id-meta":"","stick-header-meta":"","header-above-stick-meta":"","header-main-stick-meta":"","header-below-stick-meta":"","astra-migrate-meta-layouts":"default","ast-page-background-enabled":"default","ast-page-background-meta":{"desktop":{"background-color":"","background-image":"","background-repeat":"repeat","background-position":"center center","background-size":"auto","background-attachment":"scroll","background-type":"","background-media":"","overlay-type":"","overlay-color":"","overlay-opacity":"","overlay-gradient":""},"tablet":{"background-color":"","background-image":"","background-repeat":"repeat","background-position":"center center","background-size":"auto","background-attachment":"scroll","background-type":"","background-media":"","overlay-type":"","overlay-color":"","overlay-opacity":"","overlay-gradient":""},"mobile":{"background-color":"","background-image":"","background-repeat":"repeat","background-position":"center center","background-size":"auto","background-attachment":"scroll","background-type":"","background-media":"","overlay-type":"","overlay-color":"","overlay-opacity":"","overlay-gradient":""}},"ast-content-background-meta":{"desktop":{"background-color":"var(--ast-global-color-5)","background-image":"","background-repeat":"repeat","background-position":"center center","background-size":"auto","background-attachment":"scroll","background-type":"","background-media":"","overlay-type":"","overlay-color":"","overlay-opacity":"","overlay-gradient":""},"tablet":{"background-color":"var(--ast-global-color-5)","background-image":"","background-repeat":"repeat","background-position":"center center","background-size":"auto","background-attachment":"scroll","background-type":"","background-media":"","overlay-type":"","overlay-color":"","overlay-opacity":"","overlay-gradient":""},"mobile":{"background-color":"var(--ast-global-color-5)","background-image":"","background-repeat":"repeat","background-position":"center center","background-size":"auto","background-attachment":"scroll","background-type":"","background-media":"","overlay-type":"","overlay-color":"","overlay-opacity":"","overlay-gradient":""}}},"product_brand":[],"product_cat":[26],"product_tag":[],"class_list":{"0":"post-2436","1":"product","2":"type-product","3":"status-publish","4":"has-post-thumbnail","6":"product_cat-organisation-et-rangement-cuisine","7":"desktop-align-center","8":"tablet-align-center","9":"mobile-align-center","11":"first","12":"instock","13":"shipping-taxable","14":"purchasable","15":"product-type-simple"},"yoast_head":"<!-- This site is optimized with the Yoast SEO plugin v27.5 - https:\/\/yoast.com\/product\/yoast-seo-wordpress\/ -->\n<title>Triple Paper Dispenser - Organisateur &amp; Rangement<\/title>\n<meta name=\"robots\" content=\"index, follow, max-snippet:-1, max-image-preview:large, max-video-preview:-1\" \/>\n<link rel=\"canonical\" href=\"https:\/\/organisateur-rangement.com\/?product=triple-paper-dispenser\" \/>\n<meta property=\"og:locale\" content=\"fr_FR\" \/>\n<meta property=\"og:type\" content=\"article\" \/>\n<meta property=\"og:title\" content=\"Triple Paper Dispenser - Organisateur &amp; Rangement\" \/>\n<meta property=\"og:description\" content=\"Le distributeur de papier hygi\u00e9nique triple rend votre cuisine plus efficace car il contient des serviettes en papier, du papier d&#039;aluminium et d&#039;autres \u00e9l\u00e9ments essentiels de la cuisine avec un seul outil efficace.  Mat\u00e9riau : plastique ABS, couleur : blanche  Les supports de feuille et de film adh\u00e9sif permettent une coupe facile et propre avec deux lames coulissantes\" \/>\n<meta property=\"og:url\" content=\"https:\/\/organisateur-rangement.com\/?product=triple-paper-dispenser\" \/>\n<meta property=\"og:site_name\" content=\"Organisateur &amp; Rangement\" \/>\n<meta property=\"article:modified_time\" content=\"2023-06-22T11:55:35+00:00\" \/>\n<meta property=\"og:image\" content=\"https:\/\/organisateur-rangement.com\/wp-content\/uploads\/2023\/06\/Triple-Paper-Dispenser.jpeg\" \/>\n\t<meta property=\"og:image:width\" content=\"500\" \/>\n\t<meta property=\"og:image:height\" content=\"500\" \/>\n\t<meta property=\"og:image:type\" content=\"image\/jpeg\" \/>\n<meta name=\"twitter:card\" content=\"summary_large_image\" \/>\n<meta name=\"twitter:label1\" content=\"Dur\u00e9e de lecture estim\u00e9e\" \/>\n\t<meta name=\"twitter:data1\" content=\"2 minutes\" \/>\n<script type=\"application\/ld+json\" class=\"yoast-schema-graph\">{\"@context\":\"https:\\\/\\\/schema.org\",\"@graph\":[{\"@type\":\"WebPage\",\"@id\":\"https:\\\/\\\/organisateur-rangement.com\\\/?product=triple-paper-dispenser\",\"url\":\"https:\\\/\\\/organisateur-rangement.com\\\/?product=triple-paper-dispenser\",\"name\":\"Triple Paper Dispenser - Organisateur &amp; Rangement\",\"isPartOf\":{\"@id\":\"https:\\\/\\\/organisateur-rangement.com\\\/#website\"},\"primaryImageOfPage\":{\"@id\":\"https:\\\/\\\/organisateur-rangement.com\\\/?product=triple-paper-dispenser#primaryimage\"},\"image\":{\"@id\":\"https:\\\/\\\/organisateur-rangement.com\\\/?product=triple-paper-dispenser#primaryimage\"},\"thumbnailUrl\":\"https:\\\/\\\/organisateur-rangement.com\\\/wp-content\\\/uploads\\\/2023\\\/06\\\/Triple-Paper-Dispenser.jpeg\",\"datePublished\":\"2023-06-02T15:35:40+00:00\",\"dateModified\":\"2023-06-22T11:55:35+00:00\",\"breadcrumb\":{\"@id\":\"https:\\\/\\\/organisateur-rangement.com\\\/?product=triple-paper-dispenser#breadcrumb\"},\"inLanguage\":\"fr-FR\",\"potentialAction\":[{\"@type\":\"ReadAction\",\"target\":[\"https:\\\/\\\/organisateur-rangement.com\\\/?product=triple-paper-dispenser\"]}]},{\"@type\":\"ImageObject\",\"inLanguage\":\"fr-FR\",\"@id\":\"https:\\\/\\\/organisateur-rangement.com\\\/?product=triple-paper-dispenser#primaryimage\",\"url\":\"https:\\\/\\\/organisateur-rangement.com\\\/wp-content\\\/uploads\\\/2023\\\/06\\\/Triple-Paper-Dispenser.jpeg\",\"contentUrl\":\"https:\\\/\\\/organisateur-rangement.com\\\/wp-content\\\/uploads\\\/2023\\\/06\\\/Triple-Paper-Dispenser.jpeg\",\"width\":500,\"height\":500},{\"@type\":\"BreadcrumbList\",\"@id\":\"https:\\\/\\\/organisateur-rangement.com\\\/?product=triple-paper-dispenser#breadcrumb\",\"itemListElement\":[{\"@type\":\"ListItem\",\"position\":1,\"name\":\"Accueil\",\"item\":\"https:\\\/\\\/organisateur-rangement.com\\\/\"},{\"@type\":\"ListItem\",\"position\":2,\"name\":\"Shop\",\"item\":\"https:\\\/\\\/organisateur-rangement.com\\\/?page_id=401\"},{\"@type\":\"ListItem\",\"position\":3,\"name\":\"Triple Paper Dispenser\"}]},{\"@type\":\"WebSite\",\"@id\":\"https:\\\/\\\/organisateur-rangement.com\\\/#website\",\"url\":\"https:\\\/\\\/organisateur-rangement.com\\\/\",\"name\":\"Organisateur & Rangement\",\"description\":\"\",\"publisher\":{\"@id\":\"https:\\\/\\\/organisateur-rangement.com\\\/#organization\"},\"potentialAction\":[{\"@type\":\"SearchAction\",\"target\":{\"@type\":\"EntryPoint\",\"urlTemplate\":\"https:\\\/\\\/organisateur-rangement.com\\\/?s={search_term_string}\"},\"query-input\":{\"@type\":\"PropertyValueSpecification\",\"valueRequired\":true,\"valueName\":\"search_term_string\"}}],\"inLanguage\":\"fr-FR\"},{\"@type\":\"Organization\",\"@id\":\"https:\\\/\\\/organisateur-rangement.com\\\/#organization\",\"name\":\"Organisateur & Rangement\",\"url\":\"https:\\\/\\\/organisateur-rangement.com\\\/\",\"logo\":{\"@type\":\"ImageObject\",\"inLanguage\":\"fr-FR\",\"@id\":\"https:\\\/\\\/organisateur-rangement.com\\\/#\\\/schema\\\/logo\\\/image\\\/\",\"url\":\"https:\\\/\\\/organisateur-rangement.com\\\/wp-content\\\/uploads\\\/2023\\\/06\\\/Black-White-Handwritten-Typography-Logo1-1.png\",\"contentUrl\":\"https:\\\/\\\/organisateur-rangement.com\\\/wp-content\\\/uploads\\\/2023\\\/06\\\/Black-White-Handwritten-Typography-Logo1-1.png\",\"width\":455,\"height\":128,\"caption\":\"Organisateur & Rangement\"},\"image\":{\"@id\":\"https:\\\/\\\/organisateur-rangement.com\\\/#\\\/schema\\\/logo\\\/image\\\/\"}}]}<\/script>\n<!-- \/ Yoast SEO plugin. -->","yoast_head_json":{"title":"Triple Paper Dispenser - Organisateur &amp; Rangement","robots":{"index":"index","follow":"follow","max-snippet":"max-snippet:-1","max-image-preview":"max-image-preview:large","max-video-preview":"max-video-preview:-1"},"canonical":"https:\/\/organisateur-rangement.com\/?product=triple-paper-dispenser","og_locale":"fr_FR","og_type":"article","og_title":"Triple Paper Dispenser - Organisateur &amp; Rangement","og_description":"Le distributeur de papier hygi\u00e9nique triple rend votre cuisine plus efficace car il contient des serviettes en papier, du papier d'aluminium et d'autres \u00e9l\u00e9ments essentiels de la cuisine avec un seul outil efficace.  Mat\u00e9riau : plastique ABS, couleur : blanche  Les supports de feuille et de film adh\u00e9sif permettent une coupe facile et propre avec deux lames coulissantes","og_url":"https:\/\/organisateur-rangement.com\/?product=triple-paper-dispenser","og_site_name":"Organisateur &amp; Rangement","article_modified_time":"2023-06-22T11:55:35+00:00","og_image":[{"width":500,"height":500,"url":"https:\/\/organisateur-rangement.com\/wp-content\/uploads\/2023\/06\/Triple-Paper-Dispenser.jpeg","type":"image\/jpeg"}],"twitter_card":"summary_large_image","twitter_misc":{"Dur\u00e9e de lecture estim\u00e9e":"2 minutes"},"schema":{"@context":"https:\/\/schema.org","@graph":[{"@type":"WebPage","@id":"https:\/\/organisateur-rangement.com\/?product=triple-paper-dispenser","url":"https:\/\/organisateur-rangement.com\/?product=triple-paper-dispenser","name":"Triple Paper Dispenser - Organisateur &amp; Rangement","isPartOf":{"@id":"https:\/\/organisateur-rangement.com\/#website"},"primaryImageOfPage":{"@id":"https:\/\/organisateur-rangement.com\/?product=triple-paper-dispenser#primaryimage"},"image":{"@id":"https:\/\/organisateur-rangement.com\/?product=triple-paper-dispenser#primaryimage"},"thumbnailUrl":"https:\/\/organisateur-rangement.com\/wp-content\/uploads\/2023\/06\/Triple-Paper-Dispenser.jpeg","datePublished":"2023-06-02T15:35:40+00:00","dateModified":"2023-06-22T11:55:35+00:00","breadcrumb":{"@id":"https:\/\/organisateur-rangement.com\/?product=triple-paper-dispenser#breadcrumb"},"inLanguage":"fr-FR","potentialAction":[{"@type":"ReadAction","target":["https:\/\/organisateur-rangement.com\/?product=triple-paper-dispenser"]}]},{"@type":"ImageObject","inLanguage":"fr-FR","@id":"https:\/\/organisateur-rangement.com\/?product=triple-paper-dispenser#primaryimage","url":"https:\/\/organisateur-rangement.com\/wp-content\/uploads\/2023\/06\/Triple-Paper-Dispenser.jpeg","contentUrl":"https:\/\/organisateur-rangement.com\/wp-content\/uploads\/2023\/06\/Triple-Paper-Dispenser.jpeg","width":500,"height":500},{"@type":"BreadcrumbList","@id":"https:\/\/organisateur-rangement.com\/?product=triple-paper-dispenser#breadcrumb","itemListElement":[{"@type":"ListItem","position":1,"name":"Accueil","item":"https:\/\/organisateur-rangement.com\/"},{"@type":"ListItem","position":2,"name":"Shop","item":"https:\/\/organisateur-rangement.com\/?page_id=401"},{"@type":"ListItem","position":3,"name":"Triple Paper Dispenser"}]},{"@type":"WebSite","@id":"https:\/\/organisateur-rangement.com\/#website","url":"https:\/\/organisateur-rangement.com\/","name":"Organisateur & Rangement","description":"","publisher":{"@id":"https:\/\/organisateur-rangement.com\/#organization"},"potentialAction":[{"@type":"SearchAction","target":{"@type":"EntryPoint","urlTemplate":"https:\/\/organisateur-rangement.com\/?s={search_term_string}"},"query-input":{"@type":"PropertyValueSpecification","valueRequired":true,"valueName":"search_term_string"}}],"inLanguage":"fr-FR"},{"@type":"Organization","@id":"https:\/\/organisateur-rangement.com\/#organization","name":"Organisateur & Rangement","url":"https:\/\/organisateur-rangement.com\/","logo":{"@type":"ImageObject","inLanguage":"fr-FR","@id":"https:\/\/organisateur-rangement.com\/#\/schema\/logo\/image\/","url":"https:\/\/organisateur-rangement.com\/wp-content\/uploads\/2023\/06\/Black-White-Handwritten-Typography-Logo1-1.png","contentUrl":"https:\/\/organisateur-rangement.com\/wp-content\/uploads\/2023\/06\/Black-White-Handwritten-Typography-Logo1-1.png","width":455,"height":128,"caption":"Organisateur & Rangement"},"image":{"@id":"https:\/\/organisateur-rangement.com\/#\/schema\/logo\/image\/"}}]}},"_links":{"self":[{"href":"https:\/\/organisateur-rangement.com\/index.php?rest_route=\/wp\/v2\/product\/2436","targetHints":{"allow":["GET"]}}],"collection":[{"href":"https:\/\/organisateur-rangement.com\/index.php?rest_route=\/wp\/v2\/product"}],"about":[{"href":"https:\/\/organisateur-rangement.com\/index.php?rest_route=\/wp\/v2\/types\/product"}],"replies":[{"embeddable":true,"href":"https:\/\/organisateur-rangement.com\/index.php?rest_route=%2Fwp%2Fv2%2Fcomments&post=2436"}],"wp:featuredmedia":[{"embeddable":true,"href":"https:\/\/organisateur-rangement.com\/index.php?rest_route=\/wp\/v2\/media\/2437"}],"wp:attachment":[{"href":"https:\/\/organisateur-rangement.com\/index.php?rest_route=%2Fwp%2Fv2%2Fmedia&parent=2436"}],"wp:term":[{"taxonomy":"product_brand","embeddable":true,"href":"https:\/\/organisateur-rangement.com\/index.php?rest_route=%2Fwp%2Fv2%2Fproduct_brand&post=2436"},{"taxonomy":"product_cat","embeddable":true,"href":"https:\/\/organisateur-rangement.com\/index.php?rest_route=%2Fwp%2Fv2%2Fproduct_cat&post=2436"},{"taxonomy":"product_tag","embeddable":true,"href":"https:\/\/organisateur-rangement.com\/index.php?rest_route=%2Fwp%2Fv2%2Fproduct_tag&post=2436"}],"curies":[{"name":"wp","href":"https:\/\/api.w.org\/{rel}","templated":true}]}}